11
Convert -4 (base 11) to base 14.
-4
-7d (base 16) to base 6
-325
What is -62 (base 16) in base 8?
-142
-30 (base 16) to base 8
-60
Convert 1 (base 13) to base 11.
1
76 (base 9) to base 4
1011
What is -10000 (base 2) in base 10?
-16
What is 2231 (base 4) in base 3?
20102
What is 106 (base 9) in base 8?
127
Convert -2 (base 3) to base 5.
-2
-1 (base 3) to base 16
-1
Convert 1 (base 10) to base 11.
1
What is -71 (base 12) in base 7?
-151
Convert -220 (base 3) to base 9.
-26
What is 35 (base 8) in base 11?
27
What is 4 (base 12) in base 10?
4
0 (base 8) to base 10
0
Convert -33 (base 4) to base 5.
-30
What is -76 (base 8) in base 10?
-62
What is 4 (base 11) in base 16?
4
What is 111 (base 4) in base 2?
10101
641 (base 7) to base 3
102222
Convert 3 (base 14) to base 6.
3
Convert -3 (base 6) to base 4.
-3
Convert -5 (base 10) to base 12.
-5
Convert -33 (base 7) to base 16.
-18
What is -24 (base 12) in base 8?
-34
Convert 51 (base 13) to base 9.
73
What is 50 (base 16) in base 14?
5a
14 (base 16) to base 8
24
What is -6 (base 9) in base 11?
-6
Convert 201 (base 6) to base 7.
133
-33 (base 7) to base 3
-220
What is -44 (base 9) in base 4?
-220
Convert 8 (base 9) to base 16.
8
c (base 16) to base 7
15
Convert 21 (base 7) to base 8.
17
110 (base 2) to base 16
6
15 (base 11) to base 5
31
What is -110 (base 6) in base 7?
-60
115 (base 9) to base 2
1011111
What is -17 (base 15) in base 14?
-18
What is 107 (base 12) in base 7?
304
What is 2 (base 7) in base 10?
2
Convert 52 (base 12) to base 16.
3e
Convert 31 (base 10) to base 2.
11111
What is -6 (base 9) in base 10?
-6
2 (base 3) to base 7
2
Convert -6 (base 11) to base 14.
-6
What is -2 (base 5) in base 8?
-2
-102 (base 4) to base 9
-20
3 (base 12) to base 11
3
Convert 2 (base 9) to base 11.
2
Convert -3 (base 8) to base 14.
-3
-2 (base 8) to base 12
-2
Convert 4 (base 11) to base 8.
4
Convert 6 (base 7) to base 13.
6
What is 40 (base 10) in base 5?
130
2 (base 5) to base 15
2
What is 0 (base 12) in base 9?
0
Convert -2 (base 14) to base 3.
-2
What is 5b (base 15) in base 11?
79
What is 1000 (base 4) in base 14?
48
What is -3 (base 5) in base 15?
-3
What is -9 (base 11) in base 12?
-9
0 (base 8) to base 6
0
Convert 19 (base 11) to base 4.
110
-174 (base 8) to base 11
-103
8 (base 10) to base 3
22
Convert -10 (base 2) to base 11.
-2
What is 19 (base 10) in base 6?
31
4 (base 7) to base 12
4
Convert 0 (base 9) to base 4.
0
What is 10 (base 3) in base 14?
3
What is 58 (base 16) in base 7?
154
-82 (base 9) to base 3
-2202
What is -29 (base 15) in base 9?
-43
-3b (base 13) to base 11
-46
-54 (base 8) to base 3
-1122
Convert c (base 16) to base 8.
14
What is 1020 (base 4) in base 5?
242
Convert -3 (base 15) to base 9.
-3
Convert 105 (base 7) to base 11.
4a
What is -14 (base 13) in base 8?
-21
Convert 350 (base 8) to base 5.
1412
Convert 10 (base 14) to base 2.
1110
Convert 2 (base 14) to base 11.
2
What is -1 (base 9) in base 6?
-1
What is -b (base 15) in base 4?
-23
252 (base 10) to base 3
100100
Convert -26 (base 7) to base 4.
-110
Convert 22 (base 16) to base 12.
2a
Convert -11 (base 9) to base 5.
-20
Convert 8 (base 9) to base 7.
11
What is -13 (base 4) in base 6?
-11
Convert 84 (base 13) to base 15.
73
-20 (base 3) to base 16
-6
3 (base 4) to base 14
3
-100 (base 2) to base 12
-4
What is 8 (base 12) in base 7?
11
What is -8 (base 15) in base 16?
-8
Convert -1 (base 16) to base 8.
-1
7 (base 10) to base 16
7
Convert -60 (base 16) to base 12.
-80
What is 33 (base 16) in base 12?
43
-4 (base 11) to base 10
-4
13 (base 5) to base 9
8
254 (base 8) to base 3
20101
8 (base 12) to base 14
8
0 (base 9) to base 16
0
-7 (base 14) to base 15
-7
-10 (base 4) to base 16
-4
Convert -150 (base 6) to base 3.
-2110
What is -93 (base 14) in base 10?
-129
Convert -6 (base 16) to base 13.
-6
What is 12 (base 6) in base 7?
11
Convert -4 (base 11) to base 9.
-4
Convert -10 (base 3) to base 10.
-3
What is 0 (base 9) in base 3?
0
Convert 2 (base 5) to base 6.
2
What is 24 (base 5) in base 3?
112
What is 3a (base 11) in base 3?
1121
Convert 37 (base 15) to base 7.
103
Convert 335 (base 11) to base 16.
191
Convert 0 (base 2) to base 16.
0
What is 2 (base 15) in base 14?
2
What is 6 (base 16) in base 5?
11
Convert 2 (base 15) to base 4.
2
-4 (base 16) to base 2
-100
Convert 29 (base 16) to base 3.
1112
What is -1a (base 14) in base 15?
-19
What is 103 (base 4) in base 6?
31
What is 20 (base 5) in base 2?
1010
Convert -16 (base 14) to base 10.
-20
34 (base 7) to base 13
1c
Convert -10 (base 3) to base 4.
-3
What is -2 (base 3) in base 2?
-10
Convert -11 (base 3) to base 15.
-4
What is 11 (base 4) in base 2?
101
Convert -4 (base 15) to base 3.
-11
12 (base 13) to base 11
14
Convert -21 (base 4) to base 2.
-1001
Convert 22 (base 6) to base 13.
11
9 (base 13) to base 11
9
116 (base 10) to base 4
1310
What is 10100 (base 2) in base 4?
110
Convert -10000 (base 2) to base 11.
-15
What is 111011 (base 2) in base 15?
3e
What is -9 (base 11) in base 5?
-14
What is -1000000 (base 2) in base 5?
-224
What is -5 (base 7) in base 16?
-5
Convert -4 (base 6) to base 12.
-4
What is 2320 (base 5) in base 15?
175
What is 31 (base 4) in base 8?
15
2 (base 10) to base 12
2
1111 (base 2) to base 9
16
3 (base 9) to base 3
10
What is -10101 (base 3) in base 4?
-1123
1a (base 12) to base 10
22
-232 (base 5) to base 10
-67
What is -3 (base 14) in base 4?
-3
What is 1 (base 10) in base 12?
1
Convert 2 (base 15) to base 2.
10
Convert 1a (base 13) to base 3.
212
101 (base 4) to base 3
122
Convert 2 (base 14) to base 3.
2
Convert 4 (base 5) to base 4.
10
-3b (base 12) to base 4
-233
10000000 (base 2) to base 11
107
What is 100 (base 3) in base 13?
9
What is -237 (base 13) in base 11?
-31a
What is -b2 (base 12) in base 14?
-98
Convert 9 (base 12) to base 2.
1001
What is -11 (base 3) in base 10?
-4
Convert 13 (base 14) to base 9.
18
What is -171 (base 9) in base 10?
-145
Convert -1011 (base 5) to base 6.
-335
Convert 333 (base 4) to base 9.
70
What is e (base 16) in base 2?
1110
Convert 420 (base 5) to base 3.
11002
Convert -3 (base 8) to base 10.
-3
What is 0 (base 13) in base 10?
0
What is 24 (base 12) in base 15?
1d
-331 (base 4) to base 15
-41
50 (base 12) to base 4
330
What is -89 (base 15) in base 4?
-2001
-4 (base 9) to base 12
-4
Convert -20 (base 11) to base 5.
-42
23 (base 4) to base 6
15
Convert 0 (base 5) to base 6.
0
Convert 17 (base 12) to base 13.
16
Convert 18 (base 10) to base 5.
33
What is -21 (base 4) in base 11?
-9
1 (base 4) to base 15
1
What is b0 (base 13) in base 3?
12022
What is -1 (base 6) in base 3?
-1
Convert 1 (base 8) to base 10.
1
Convert -51 (base 12) to base 14.
-45
Convert 1b (base 12) to base 16.
17
What is -14 (base 7) in base 16?
-b
Convert -11c (base 15) to base 8.
-374
What is 50 (base 7) in base 13?
29
Convert 336 (base 8) to base 2.
11011110
What is 3 (base 8) in base 3?
10
What is -4 (base 7) in base 12?
-4
What is -18 (base 12) in base 4?
-110
What is -1122 (base 3) in base 13?
-35
What is 10 (base 4) in base 14?
4
Convert 8 (base 12) to base 11.
8
-1 (base 15) to base 2
-1
What is -13 (base 12) in base 2?
-1111
What is -1142 (base 5) in base 10?
-172
Convert 10 (base 3) to base 4.
3
What is 10 (base 3) in base 12?
3
-4 (base 6) to base 4
-10
-7 (base 8) to base 9
-7
-15 (base 10) to base 14
-11
3 (base 5) to base 11
3
Convert -1100 (base 2) to base 4.
-30
What is 1000 (base 2) in base 8?
10
What is 6 (base 10) in base 3?
20
20 (base 7) to base 4
32
0 (base 9) to base 13
0
Convert -42 (base 5) to base 8.
-26
What is -2 (base 16) in base 5?
-2
-15 (base 6) to base 15
-b
What is -3 (base 5) in base 14?
-3
1 (base 9) to base 11
1
What is c (base 16) in base 9?
13
Convert 4 (base 8) to base 13.
4
-1 (base 16) to base 13
-1
Convert -1 (base 5) to base 8.
-1
What is 3a (base 13) in base 15?
34
What is 100 (base 2) in base 5?
4
-13 (base 4) to base 14
-7
68 (base 13) to base 16
56
Convert -32 (base 9) to base 11.
-27
What is -4 (base 9) in base 11?
-4
2 (base 15) to base 11
2
-2 (base 3) to base 12
-2
-2 (base 13) to base 7
-2
What is 2 (base 8) in base 3?
2
What is -1002 (base 3) in base 9?
-32
-1 (base 8) to base 13
-1
-22 (base 3) to base 4
-20
What is 14 (base 13) in base 8?
21
What is 3 (base 11) in base 2?
11
-12 (ba